 Calculate the remainder when o is divided by 10.
8
Let p = 3 + -13. Let u = p + 48. Let b = u + -16. What is the remainder when b is divided by 8?
6
Let g = 3 - 2. Let v(u) = -4 + 1 - g - 3*u. Calculate the remainder when 8 is divided by v(-3).
3
Suppose -5*f + 4*w = -128, 2*w - w + 98 = 4*f. What is the remainder when f is divided by 13?
11
Let p = 3 - -2. Suppose -p*j = -9 - 1. Calculate the remainder when (1/(-2))/((-2)/16) is divided by j.
0
Let z = 4 - 1. Let x = 56 - 40. What is the remainder when ((-93)/z)/((-2)/2) is divided by x?
15
Suppose 23 + 21 = 4*b. Let m(t) = -10*t - 84. What is the remainder when b is divided by m(-9)?
5
Let b = 157 + -135. What is the remainder when b is divided by 12?
10
Let y(c) = -c**3 - c**2 - 1. Let z(i) = -6*i**2 + 8*i + 13. Let p(v) = y(v) + z(v). Suppose -43 + 218 = 5*g. Calculate the remainder when g is divided by p(-8).
11
Let k be ((-3)/9)/(5/195). Let c = 36 - k. Calculate the remainder when c is divided by (1 + -3)/((-4)/34).
15
Let w = 53 + -14. Let s = w - 19. What is the remainder when 39 is divided by s?
19
Suppose 3*l - 6*l - 7 = 4*g, g = -l - 3. Suppose 0 = -g*q + i + 21, 31 = 4*q + i - 14. What is the remainder when 20 is divided by q?
9
Suppose c - 2*c - 3*a = -35, -2*c + 2*a + 30 = 0. Suppose -c = 2*r - 6*r. Let m = 9 - r. Calculate the remainder when 10 is divided by m.
2
Suppose -c + 5 = 2. Let b(w) = -w**3 + 3*w**2 - 2*w + 2. Let u be b(c). What is the remainder when (-2 - u) + 24 - 1 is divided by 13?
12
Suppose -4*o - 2*m + 222 = 0, 3*m + 62 - 339 = -5*o. What is the remainder when o is divided by 19?
18
Suppose -1 + 21 = 2*w. Let x(i) = i**2 - 6*i + 17. Calculate the remainder when x(w) is divided by 15.
12
Let q be ((-7)/(-21))/((-1)/(-21)). Suppose -49 = -2*f - q. What is the remainder when f is divided by 6?
3
Suppose 18 = c - 5*s - 4, -8 = 2*c + 3*s. Calculate the remainder when (-307)/(-5) + c/(-5) is divided by 16.
13
Let y = -1 - -4. What is the remainder when y - 33/(-6 - -3) is divided by 4?
2
Let u = 7 + -2. Suppose -u*h - h = -168. Suppose 30 = 5*o - 2*o. What is the remainder when h is divided by o?
8
Let u(p) = 2*p**2 - 4*p + 2. Let x be u(2). Suppose -x*c = c - 72. Suppose -5*r = 3*v - 247, 0 = 3*r - r + v - 98. What is the remainder when r is divided by c?
23
Let g(h) = -h**2 + h + 4. Let m be g(3). Let d(r) = -11*r - 3. Calculate the remainder when 37 is divided by d(m).
18
Suppose -2*w + 41 = p, -w - w + 39 = -p. What is the remainder when 77 is divided by w?
17
Suppose 45 = 5*i - 0*i. Calculate the remainder when 17 is divided by i.
8
Suppose -4*z - 3*k = -3*z - 1, 5*z - 5*k = 65. Calculate the remainder when 18 is divided by z.
8
What is the remainder when 175 is divided by 8/6*(33 + 0)?
43
Suppose 7*x = 2*x + 80. Calculate the remainder when 62 is divided by x.
14
Suppose -2*i + c = -11, -5*c = 5*i + 36 - 101. Calculate the remainder when 12 is divided by i.
4
Suppose -z = 4*z. Suppose z = -0*r + 5*r - 155. What is the remainder when r is divided by 8?
7
Let q = 62 + -35. Suppose -2*y + 5*a - 8 = 0, -4*y - 3*a + 9 = -q. Let j(c) = c + 2. Calculate the remainder when 22 is divided by j(y).
6
Let d be ((-2)/(-6))/((-2)/(-54)). Suppose 1 - d = v. Let f = v + 43. What is the remainder when f is divided by 12?
11
Suppose -r + g = -12, 0 = -5*r - 3*g + g + 25. Calculate the remainder when (-535)/(-20) - 2/(-8) is divided by r.
6
Suppose 56 = 4*y - 5*c + c, 5*y + c - 58 = 0. Calculate the remainder when 93 is divided by y.
9
Let m be (10 - 4)/((-4)/10). Let b = m - -33. Calculate the remainder when 35 is divided by b.
17
Suppose -p - 3*p = 0. Suppose 0*o - 3*u + 6 = 5*o, -4*o = 3*u - 6. Suppose o = -p*x + 4*x - 52. What is the remainder when 24 is divided by x?
11
Let k(i) = -3*i**2 - 40*i + 8. Calculate the remainder when k(-10) is divided by 10.
8
Let o be (2/6)/(1/6). Let z be (-3)/o*28/(-6). Suppose l = -3*d - z, -2*l + 17 = -5*d - 13. What is the remainder when 12 is divided by l?
2
Suppose -4*x + 20 = -3*d - 49, 3*x - 33 = -4*d. Suppose 41 = 2*b - x. Calculate the remainder when 54 is divided by b.
26
Let p(o) be the first derivative of 22*o**3/3 + o - 2. Let l be p(-1). Suppose 0 = -3*y + l + 109. What is the remainder when y is divided by 15?
14
Let m = -60 - -77. What is the remainder when 64 is divided by m?
13
Let y(d) = 2*d**2 + d + 1. Let n(b) = 4*b**2 + 6. Calculate the remainder when n(3) is divided by y(2).
9
Let v(u) = -u**3 - 5*u**2 + 12*u + 4. What is the remainder when 51 is divided by v(-7)?
15
Suppose -3*c - 8*m + 38 = -4*m, 42 = 4*c + m. What is the remainder when 78 is divided by c?
8
Suppose -k = -28 - 13. Let y = 27 - 10. Suppose 2*g - y = -5*t, 2*g - 2*t - 7 = 45. Calculate the remainder when k is divided by g.
20
Let n be -4*-2*225/24. Let q = -16 + n. Let x = -29 + q. What is the remainder when x is divided by 8?
6
Let f(d) = 5*d + 45. Calculate the remainder when 56 is divided by f(-5).
16
Let j = -23 + 60. Suppose -4*w + 2*m - 30 = -94, -3*w = 4*m - j. Let o(l) = 3*l**2 + 12*l - 8. Calculate the remainder when o(-6) is divided by w.
13
Suppose -98 = -4*a + 2*r, -2*r + 3 = -7. Calculate the remainder when 132 is divided by a.
24
Let t be ((-12)/8)/(1/(-2)). Suppose t*d - 56 = -a - 15, d = -2*a + 57. What is the remainder when a is divided by ((-1)/2)/((-1)/18)?
8
Suppose 0 = -3*y + 4*c + 26, 9 = 5*y + 5*c - 46. Calculate the remainder when y is divided by (-1508)/(-261) + 4/18.
4
Let u(j) = 29*j**3 - 2*j**2 + 2*j - 1. Calculate the remainder when 109 is divided by u(1).
25
Let o(y) = y**2 - 4*y - 1. Suppose -2*f - f + 3*c = -171, -5*f + 303 = c. Suppose -w = -5*w + f. Calculate the remainder when w is divided by o(5).
3
Suppose -l - 58 = -3*j, -3*j + 2*l + 46 = -13. Let t = 36 + -25. Calculate the remainder when j is divided by t.
8
Let f be (-4)/22 + 171/33. Suppose 5*k = -f*r + 30, 52 = 4*k - 4*r + r. Calculate the remainder when k is divided by 6.
4
Suppose -x - 2*x + 179 = o, -5*x = 2*o - 356. Suppose 44 = 5*d + 3*i - 137, i = 5*d - o. What is the remainder when d is divided by 12?
11
Suppose -16 = 2*x - 44. What is the remainder when 39 is divided by x?
11
What is the remainder when (-11)/11*(-43 - 0) is divided by 15?
13
Let m(v) = v**3 + 7*v**2 + 8*v + 3. Let p be (-12)/6*10/4. What is the remainder when 24 is divided by m(p)?
11
Let z(h) = 4*h**2 + 14*h. Calculate the remainder when z(-7) is divided by 11.
10
Suppose -4*u - z = -59, 2*u - 63 + 16 = 3*z. Calculate the remainder when u is divided by ((-6)/7)/((-1)/7).
4
Suppose 4*a - 76 = -0*a. Suppose -37 = -4*h + a. Calculate the remainder when h is divided by (0 - 2) + 3 + 7.
6
Suppose r + 2*v = 6*r + 4, 4*v = -r - 14. Calculate the remainder when -7*(-5)/(4 + 1) is divided by (-90)/(-21) + r/7.
3
Let m be -1 + (0 - 1) + 2. Suppose -3*z + z + 98 = m. What is the remainder when z is divided by 17?
15
Let b = 4 - 3. Calculate the remainder when b*3*(1 + 0) is divided by 1.
0
Let y(g) be the first derivative of 2*g**3/3 - g + 3. What is the remainder when y(2) is divided by 4?
3
Let v be (-3 + 1)/(3/(-6)). Suppose 2*c - v*o + 2 = 14, -c = -o - 4. Let j(i) = -i**3 + 2*i - 2. Calculate the remainder when c is divided by j(-2).
0
Suppose -4 = 3*m - 4*m. Calculate the remainder when 47 is divided by (2/(-2) - m)*-2.
7
Suppose -4*j - 61 = -3*u, 3*u - 3*j = -u + 86. Calculate the remainder when u is divided by 13.
10
Suppose s - 22 = 4*w, -3*s + w + 24 + 20 = 0. Suppose -5*t - s = 3*d, -3*t + 7*t + 12 = -2*d. Calculate the remainder when 2 is divided by d.
0
What is the remainder when 78 is divided by (-77)/(-4) - (-6)/8?
18
What is the remainder when (7/(-2))/((-4)/16) is divided by 8?
6
Suppose 17 - 43 = -2*j. What is the remainder when 115 is divided by j?
11
Let h = -1 - -1. Suppose h = 2*m + m. Let d = m + 1. What is the remainder when 2 is divided by d?
0
Let g = 7 + -2. Suppose -4*y + 6 = 2*w, -y - g*w = -0*y - 6. Suppose l = y + 9. Calculate the remainder when 28 is divided by l.
8
Let c(u) = -7*u + 1. Calculate the remainder when c(-1) is divided by 5.
3
Let w(t) be the first derivative of t**2 - 5*t - 1. What is the remainder when (1*-1)/(1/(-25)) is divided by w(7)?
7
Suppose p = -p + 10, 3*h - 2*p = 77. Calculate the remainder when h is divided by 15.
14
Let y = -3 + 1. L